19)
-16
Evaluate (5 - 6 - -10) + -28 + 9 - 37.
-47
What is (107 - (12 - (10 - -3))) + 4 + -24?
88
Calculate -48 + (90 - 93) + 56.
5
What is 20 - (-42 + 33 + 5 + 12) - -13?
25
What is 0 + -42 - (40 - (221 + -128))?
11
Evaluate 12 - ((-12 - -20) + 1) - 11 - 11.
-19
12 - (80 + (2 - 28) - (-2 - 2))
-46
Evaluate -9 + (4 - 1 - (-100 - (35 + -124))).
5
What is (-2 + -95 - -65) + (-8 - 0) + -8 + 9?
-39
-13 - ((-113 - -123 - (-1 + 5 + 0)) + 82)
-101
Evaluate 18 - (98 + 34 - 85).
-29
Evaluate -86 - 5 - (47 + -56) - 2.
-84
-53 + (-22 - -17 - (-6 + 9 + 3) - -12)
-52
Evaluate (3 - -23) + -14 + 21 + -3 + -9.
21
5 + 1 + -1 + -13 + (6 - 20)
-22
Evaluate ((9 - -14) + -21 - -6) + -24.
-16
Evaluate (-58 - 3) + (-525 - -505).
-81
66 + (19 - 34) + -12 - 89
-50
Calculate 5 + (9 - (27 + (-11 - -12))).
-14
Calculate 17 + -21 + 27 + (-1 - ((-2 - -11) + -11)).
24
19 + -22 - -16 - (1 + 2 + 3 + -6)
13
Evaluate 11 + (83 - (86 - (10 - -31))).
49
Calculate -10 - 0 - (7 + 18 + (-80 - -40)).
5
Evaluate (-70 - 1) + (355 + -273 - (-2 - -79)).
-66
Evaluate -8 + -1 + (2 + 16 - (-36 + 48)) + 26.
23
21 + -27 + 49 + -29
14
What is the value of (-50 - ((4 - 7) + -7 + 16)) + 2 + 1?
-53
Evaluate (-9 - -12 - 59) + (-5 + 9 - -10).
-42
What is the value of (39 - 7) + (-34 - -13)?
11
What is the value of 75 + 55 + -201 - -65?
-6
What is -231 - -247 - (0 + 14) - 46?
-44
What is (197 - (136 - 35)) + -11?
85
-23 + (-16 - -16 - (-75 + 23))
29
59 + -46 - (-6 - (-19 + -2))
-2
What is the value of 82 + 12 - (-71 + 109) - (0 - (1 + -12))?
45
Evaluate 71 - (2 + 48) - -118.
139
What is -2 - 8 - (7 - (-39 + 45))?
-11
(-4 + (-25 + 12 - -53) + 5 - -9) + 0
50
Calculate -17 - (70 + -31 + -24).
-32
What is -13 - (-5 - (0 + 5 + -19) - (99 + 10))?
87
What is -34 - (-15 + -13) - (0 + 2 + -42)?
34
Evaluate -12 + -3 + 112 + -18 + 6.
85
What is the value of 30 + (8 - (-21 + 15 - 14))?
58
Calculate -49 - 3 - (-22 + (-22 - -27) + 10).
-45
Calculate (-1 - 0) + 27 - (9994 + -10013).
45
Evaluate 15 + (-6 - 11 - -5) + 22 + -16 + 6.
15
What is 8 - 18 - -23 - 3 - -24 - 12?
22
Evaluate -6 - 10 - (-58 - ((-84 - -82) + 2 + -8)).
34
Calculate -9 + -18 + (-47 - -13 - -17).
-44
36 + 24 + -14 + (7 - (3 - (3 - 5)))
48
-13 + 27 - ((5 - -8 - -23) + 13)
-35
What is the value of 0 + -7 - (-365 + 377) - (-1 - -4)?
-22
Evaluate 51 + (-6 + 1 - (-19 - -9)) - (-37 + 50).
43
(5 - (41 - (-34 - -67) - (1 + -5))) + 59
52
Calculate -5 + 6 + (-11 - (-3 + 18)).
-25
What is the value of -75 + -8 + 13 + -12?
-82
Evaluate 105 - (-54 + 104 + 17).
38
What is the value of (-335 - -453) + (-219 - -11)?
-90
Calculate 4 + -8 + 6 + -8 + 5 + 8 + -48.
-41
Calculate 5 - (-2 + -59) - ((-20 - -4) + (-24 - -49)).
57
What is (32 - (17 + 10)) + (3 - -1)?
9
What is (153 + -87 - 109) + (-3 - (4 - 21))?
-29
Calculate (1 - (2 + 2) - (-35 - -21)) + 20.
31
Calculate 5 + 47 + (19 - (-24 + 10)).
85
What is -102 + (-19 + 50 - 19) + (-9 - -15)?
-84
What is 9 + (-2 - (-4 + -4 + 23)) + -1?
-9
Evaluate 149 + (0 - (-4 + 0)) - (-1 - -16 - 4).
142
-18 + -5 + 97 - ((4 - 6) + 6)
70
14108 - 14131 - (1 - -94)
-118
68 + 380 + -373 + (2 - 27)
50
Evaluate 797 - 827 - (-3 + 5 + 6 + -7).
-31
Evaluate -34 - (-93 + (-49 - -10) - 24).
122
Evaluate 54 - (-9 - -8) - (4 - (21 + -13)).
59
-22 - (-64 - -66) - (-8 - 141)
125
Calculate (2 - (-2 + 9)) + 18 + -15 + 7 + -15.
-10
What is the value of -5 - -49 - (298 - 305)?
51
What is the value of 99 - (2 - -89) - (30 - -1)?
-23
Evaluate -404 + 412 + (1 - -31) + 11 - 19.
32
Calculate -14 + (24 - -5) + (-72 - -23).
-34
(1551 - 1540) + (1 - -15) + -2
25
What is the value of -8 + 6 + 123 - (18 + -19 + -14)?
136
Calculate -10 + 19 + (102 - 14) - (7 + -10).
100
What is the value of -11 + 156 + (-67 - (-37 + -13))?
128
What is 3 + 9 - (41 + (-58 - -55))?
-26
What is the value of -52 + (16 + -11 - (0 - -8))?
-55
-36 - (37 + 67 + -154)
14
Evaluate 47 + 0 - (-284 - -337).
-6
Evaluate ((-1 - (-3 + 1)) + -3 - (256 + -263)) + 55.
60
What is the value of (-82 - -66) + (5 - ((3 - -3) + (-11 - -2)))?
-8
What is -104 + -2 + 1 - (203 + -290 + 65)?
-83
What is (-73 - (-102 - -30)) + (-67 - -1)?
-67
What is (3 - (2 - 40)) + 1 + (1402 - 1409)?
35
Evaluate -15 + -36 - -102 - 17.
34
Calculate -9 - (4 - (-2 - -19 - (107 - 99))).
-4
What is -2 + 17 - (-10 - (14 - (8 - -13)))?
18
Calculate -12 + ((-1 - 0) + -12 - (-1 + 40)).
-64
Calculate 9 + (-62 - 0) - (14 - (1 + 17 - 11)).
-60
-1 + -16 + (-14 - 8) - 14
-53
What is the value of (-3 - 10 - -19) + 18 + -4 + -10?
10
Calculate (6 + 41 - 130) + 57.
-26
What is -2141 - -2176 - (1 + -4 + 1)?
37
Calculate (-5 - -34) + (13 - (-1 - -5) - 1).
37
What is -25 + 2 + (0 + -4 + 6 - 7) + 9?
-19
What is the value of (14 - (25 + (11 - 9))) + -21?
-34
Evaluate -7 + (-7 + -10 + 9 - (0 - 3 - 8)).
-4
76 - 2 - (-10 - (24 - (-12 + 57)))
63
Calculate -66 + (65 - -4) - (1 + 2 + -49).
49
What is the value of -158 - (10 - 102) - -20?
-46
9 + 6 + (-55 - 19 - (-2 - 2)) + -5
-60
What is the value of 1179 - 1185 - ((61 - -4) + -5 + 2)?
-68
Evaluate -49 + (223 - 117) - 51.
6
What is -1 + -30 + -10 + (-34 - -75)?
0
What is (-461 - -472) + -1 + -10?
0
What is (56 - 0) + (-54 - -13) + 25?
40
Evaluate -15 + 9 + (31 - 24) + -25.
-24
Evaluate 55 + 40 + -67 + 3 + 5.
36
(4 - -37) + 14 + (24 - 17) + -21
41
-46 + 56 + (25 + 6 - 2)
39
What is -16 - (-16 + 9 + 5 + -17)?
3
Evaluate (-286 - -285) + (2 + -1 - 2) - (-4 + 9).
-7
What is the value of -130 + 103 - (-3 - 44) - -32?
52
Evaluate -133 - (90 - 195) - (35 + -2).
-61
-9 - (20 - 44) - (55 - -10)
-50
164 - 164 - (0 + -3 - (-7 + 51) - -1)
46
Evaluate 169 + 6 + -57 + -50.
68
Evaluate 42 + (-2 + -8 + (6 - 5) + 5 - -3).
41
What is the value of 35 + -16 + 1 + -22 - -5?
3
What is (0 - (-48 - -1)) + 1 + 2 - (-3461 + 3460)?
51
What is the value of -73 + 22 + -18 + -44 - (-13 - (-2 + 1))?
-101
(2 - 20) + -2 - (126 + (-104 - 53))
11
Calculate (3 + 7 - 21 - 14) + (5 - (17 + -4)).
-33
What is the value of (1 + -80 - -1) + (-32 - (41 - 35)) + 38?
-78
Evaluate 9 + (0 - 60) - (8 + -7 - -7).
-59
Calculate -49 + (2 + -5 - (-21 + -14 - -25)).
-42
What is (368 - 311) + (18 - 1) - 37?
37
Evaluate 148 + (-15 - 97 - -10).
46
What is 2 + -2 + 7 + 29 + (-14 - (28 + -41))?
35
Evaluate -4 - 3 - (-16 + -10) - -14.
33
Calculate -10 - -8 - (27 - -14 - 28).
-15
Calculate -8 - (-11 - (34 + -70) - (18 + 0)).
-15
Calculate (-2 - 47) + 14 + -3 + -13 + 8.
-43
52 + -69 + (72 - 39)
16
What is the value of (0 - -14) + -15 + -37 + 42 - 3?
1
What is the value of -7 + (40 - -18 - 51)?
0
Calculate (-295 - 94) + 374 + (15 - 0 - 1).
-1
2 - 9 - (86 + (-22 - 44))
-27
What is -106 + (-27 + 26 - -6) - (3 + 4)?
-108
(0 - -18) + (7 - 7) + (20 - 94)
-56
Evaluate 18 - (15 + 18) - (-12 - -3).
-6
26 - (42 - (-7 - -34))
11
What is 62 + -86 - (-2 + -12) - (20 + 28)?
-58
Calculate 3 - 17 - (1 - 17 - (-64 - -32 - 110)).
-140
Calculate -20 + (-69 - (-84 - -51)) - (-11 - 1).
-44
What is 1 - ((-4 - (14 + -6)) + (0 - 13))?
26
What is 54 + -82 - -154 - 40?
86
What is the value of 140 + -115 + (-9 - -8 - -4)?
28
What is the value of -1010 + 1006 + -2 + (9 - 2) - (-2 - 55)?
58
Evaluate (2 - 5 - (12 - 9) - (5 + -7)) + -46.
-50
Calculate 12 - 3 - -2 - (63 + -3 - 25).
-24
What is (8 - (-6 - -4)) + 1 + -2 + 141 + -5?
145
Evaluate (98 - (63 + -95)) + 11.
141
What is the value of -26 - (-5 - ((91 - 2) + 6))?
74
What is the value of -79 + (4 + 0 - (212 + -224 + (1 - -11)))?
-75
What is (51 - 3) + (-15 + 27 + 29 - 21)?
68
Calculate 129 - (48 + 53) - -77.
105
Evaluate -26 - (-198 + 190 - (-2 - -5)).
-15
Evaluate (-387 - -374) + 59 + -2 - (1 + -10 + -2).
55
What is the value of (-5 - ((64 - 61) + 100 + 0)) + (7 - 12)?
-113
Calculate 3501 + -3509 + -1 + (110 - 2).
99
What is the value of (1 - (-1 + 21)) + -35 + 27?
-27
What is -6 + 8 + -2 + 32 - (30 + (-82 - -48))?
36
4 - ((9 + 1 - (8 + 0) - 9) + 67)
-56
What is -3 + (112 - 201) - -66?
-26
Evaluate (-184 - -174) + -1 + 45.
34
What is the value of 3 - ((-5 - (3 - 7) - -15 - -9) + -1)?
-19
30 - -39 - 76 - (2 + (-82 - (-4 - -2)))
71
Calculate -35 + 8 - (-28 + 37).
-36
What is 80 - (-1 - -55 - 12)?
38
Calculate -41 - 2 - 44 - 20.
-107
What is 32 - (4 + (-23 - (6 + 5 + -19)))?
43
Calculate 107 - (80 - -133) - -201.
95
(14 + 11 - 19) + (2 - -25) + -23
10
Evaluate (2 - -2) + -1508 + 1511.
7
-12 + -21 + 8 + (9 - 31)
-47
-43 + -1 + 1 - (144 + 